6).
0
-3 - ((3 - -1) + -13)
6
(-9 - -10) + (-6 - (-12 - 2))
9
Calculate -1 - 4 - (9 - 12).
-2
Calculate -5 - (0 + 1 - 3).
-3
What is -8 + (7 + 1 - 1)?
-1
Evaluate (14 - -3 - 8) + -9.
0
Evaluate (5 - 2) + (-9 - 6) + 6.
-6
Calculate -1 + 4 - (-21 + 21).
3
-63 + 65 + -3 + (0 - -3)
2
-10 + 5 - (-3 + -5) - 4
-1
What is (-3 - -1 - (-3 - 0)) + -4?
-3
12 + -2 + -13 - 7
-10
Evaluate 2 - ((-8 - -10) + -4).
4
Evaluate 2 + 6 + -1 - (6 + 1).
0
What is -3 - -4 - (0 + 5 + -1)?
-3
What is the value of 3 - (0 - -4 - (-12 - -14))?
1
Calculate 12 + -15 + -1 + -1.
-5
What is 0 - (8 - (1 + 0) - 1)?
-6
What is the value of 7 + -15 + 14 + -3?
3
What is the value of -4 + (2 - -3 - 1)?
0
7 - (-6 - -6) - (2 - 0)
5
Calculate -4 - (0 - (1 + 7)).
4
What is (-4 - 0) + 12 - 5?
3
Calculate (4 - (2 - 1)) + 53 + -60.
-4
Evaluate 2 - (1 + 2 - (-3 + 4)).
0
Evaluate -9 - (3 + (-3 - (-2 - -2))).
-9
4 + 4 - (35 - 20)
-7
What is (1 - 5 - (9 + -9)) + 5?
1
-1 - (-3 + 4) - -1
-1
What is the value of (-1 - -1) + (6 - 3) + -3?
0
Evaluate -6 - -9 - (2 - 5) - 1.
5
What is -4 + 5 + (-2 - (8 - 5))?
-4
Evaluate (0 - 13) + 21 + -4.
4
0 - 2 - (41 + -43)
0
What is -3 + 5 - (4 - (6 - 8))?
-4
Calculate -1 - (5 - 0) - -3.
-3
What is the value of (-1 - 4) + 0 + 8 + -4?
-1
Evaluate -2 + 2 + (18 - 20) + -4.
-6
What is -2 + 7 + -3 + 3?
5
Evaluate -31 - -26 - (-1 - 0 - 0).
-4
What is -1 - 0 - (18 - 14)?
-5
Evaluate 27 + -4 + -7 + -12.
4
Calculate -14 + 12 + (-1 - -2) - 0.
-1
Calculate -7 + (5 + -4 - -11).
5
Calculate 6 + 4 + -3 - (1 + 1).
5
-7 - (-28 + 13) - 10
-2
Evaluate (3 - -7) + (-3 - 1).
6
What is the value of (3 - 2 - (-2 - -6)) + 3?
0
What is (2 - -2) + (2 - 4)?
2
What is 0 - 14 - -6 - -14?
6
Calculate (-43 - -37) + -1 + 1 + 2.
-4
Evaluate -5 - (0 + 6 + -10 + -4).
3
Evaluate -10 + 5 + 2 + -3.
-6
-3 - (-3 + (3 - (1 + -1)))
-3
Evaluate (8 - 3) + -2 + (4 - 2).
5
-1 + 8 - (8 + 3) - -5
1
Calculate 9 - (-5 - -15 - 5).
4
What is the value of 0 + 1 - (14 - 11)?
-2
(7 - 8) + 3 + -2
0
What is -150 + 141 - (-1 - (2 + 13))?
7
What is the value of (-1 - 3) + -9 + 18?
5
What is the value of -19 + (-2 - -9) + 21?
9
What is the value of 7 + -2 - 4 - (1 + -1)?
1
What is 31 + -20 + 0 + -6 - 7?
-2
What is the value of 37 - 39 - (2 + -4 + 9)?
-9
-1 + 2 - (4 + 1)
-4
What is the value of (2 + -2 - 7) + 0 + 3?
-4
What is the value of (5 - -2) + -7 - 10?
-10
(-1 - -7) + -19 + 10 + 2
-1
Calculate -1 + 0 - (3 - 1 - -2).
-5
-3 - (6 - 13) - (1 + 1)
2
Calculate -3 + 3 + 2 + -3 - 4.
-5
Calculate -16 + (-5 - (-15 - -4)) + 6.
-4
-1 + 2 - (-55 + 61)
-5
Evaluate 4 + (-12 - (-4 + 0)).
-4
Evaluate 12 + (-5 - -3) - 5.
5
What is 4 - 3 - ((-8 - -8) + 5)?
-4
What is the value of 2 - (-5 + 3 - 1)?
5
Evaluate -5 + 4 + 0 - (1 - -1).
-3
5 + 1 + -4 - 2
0
Evaluate 1 - 8 - (2 + -8 - -2).
-3
Calculate 2 - (8 - (13 - 6)).
1
What is the value of 52 + -46 + -7 + -2 + 4?
1
(2 - (-2 - 6) - 3) + -3
4
What is the value of 3 + (-3 - 1) + -32 + 37?
4
What is -22 + 40 + -15 - (-1 - 0)?
4
Calculate (-1 - -1) + (-12 + -3 - -10).
-5
-16 - (3 + -5 + -2 + -2)
-10
(-3 - (5 + (5 - 16))) + -4
-1
What is the value of -1 - -9 - 6 - 1?
1
What is 3 - -2 - ((-3 - -6) + 3)?
-1
What is -1 + 8 - (11 + -5)?
1
Calculate (3 - (12 - 10)) + -7.
-6
What is 5 - 2 - 0 - (-30 + 29)?
4
Evaluate (3 - -3) + -9 - (-10 + 1).
6
What is (5 - 13 - -6) + -2?
-4
What is -3 + (0 - 3) + 3 + 0?
-3
Calculate -3 - (-15 + 7 - -11).
-6
-6 - -3 - (3 - 10)
4
12 - (-7 + 19 - 6)
6
What is 1 + (-4 - 1) + (3 - 1)?
-2
Evaluate 47 + -51 - (1 + -2).
-3
Calculate 1 + -5 + 7 + -4.
-1
Evaluate (2 - 3) + 2 - (3 - 2).
0
-4 + (2 - -1) - -2
1
What is the value of -1 - 5 - (142 - 143)?
-5
Calculate (-7 - -10) + 1 + -3 + -1.
0
Calculate -3 + 4 + -3 + 2.
0
Evaluate (4 - ((-14 - -7) + 7)) + 1.
5
7 + (-4 - -3) + 2 + -3
5
What is the value of 3 - (2 - 0 - (-6 + 10))?
5
Calculate (-1 - (5 - -1)) + (1 - -1).
-5
Calculate -7 - (-5 + 1 + 8 - 6).
-5
Calculate 0 - 0 - (-76 + 74).
2
What is 5 - (5 + 7 + -3 - 4)?
0
What is the value of 8 + 6 + -1 + -6?
7
What is -5 + 6 - (6 + (1 - 2))?
-4
Evaluate 3 - (-1 - -6) - -4.
2
Calculate -4 - 0 - (2 - 10).
4
What is the value of (-3 + 1 - -3) + -5?
-4
6 + -10 + (-3 - -7) - -2
2
1 - ((0 - 4) + 7)
-2
Calculate -20 + (9 - -3) + 15.
7
Calculate 6 + 5 + -1 + -6.
4
Calculate 1 + (-3 - -1) + 5.
4
Calculate 0 + 0 + -8 + 11.
3
Calculate (4 - -1 - 4) + (-2 - 2).
-3
Calculate 4 + -1 - 2 - -2 - 2.
1
5 - (4 + (-10 - -4 - -3))
4
Calculate -1 - (3 + (-1 - 1)).
-2
Calculate -6 + -6 + 13 - (5 + 1).
-5
Evaluate -8 - (1 - (4 + 3 + -1)).
-3
What is 4 + -3 + 1 + -4 + 6?
4
What is (0 - -3) + -4 + 4 - 4?
-1
Calculate -1 + 1 + -2 + 0 - 0.
-2
Evaluate -2 + 13 + -13 + 1 + -6.
-7
What is the value of 4 - (-6 - -4 - -8)?
-2
Evaluate 1 + (0 - 2) - (-6 + 3).
2
Calculate -5 + 2 + (-2 - -1) - -1.
-3
Evaluate (-11 - -1) + (21 - 15).
-4
What is the value of (5 - (-12 + 20)) + -1 + 4?
0
Calculate -10 + 11 + -11 - -7.
-3
Calculate 1 + -7 + 0 + 8 + -3.
-1
Calculate -6 + (6 - 3) + 6.
3
(-13 + -2 - -6) + 3
-6
Calculate 4 - (2 + (1 - 2) - -7).
-4
What is 2 + -1 - 3 - (-3 + 0)?
1
What is -3 + (6 - 4) + 4?
3
(-3 - 6) + 6 - -1
-2
Evaluate 13 + -10 - (-3 + 1 + 3).
2
-2 + (7 - 2) + (1 - 2)
2
What is 0 - 5 - (-8 - -3)?
0
What is 3 + (-2 - 1) - (9 - 10)?
1
0 + 0 + 2 + -6
-4
Calculate 2 - (2 - 1) - (2 - -2).
-3
What is the value of (8 - -3) + 33 + -33?
11
What is the value of (1 - (10 + -6)) + 2?
-1
What is 1 + -3 + (-4 - -2) + 3?
-1
What is the value of 1 + (-1 - (-1 + -3))?
4
Evaluate (-5 - 3) + 0 + 10.
2
What is -3 + 1 + (0 + -1 - 1)?
-4
(-15 - -18) + 1 + 0
4
Calculate (-1 - -3 - (3 - 2)) + -4.
-3
What is (1 - -1) + (10 - (12 - 4))?
4
What is (4 + 6 - 1) + -12 - -12?
9
Calculate (-3 - (0 + -4)) + 2.
3
-12 + (6 - (6 + -1 + -5))
-6
What is the value of (-1 - 1) + 2 - -4?
4
(-13 + 8 - (-2 - -1)) + 14
10
-14 - -10 - (-7 - 0)
3
Calculate -4 + 6 + (-1 - 2).
-1
What is the value of 2 + -4 + 4 + 1 + -4?
-1
Calculate -18 + 15 + 3 + -7 + 1.
-6
What is -7 - (-19 + (3 - -3))?
6
8 + (-2 - 1) + -3
2
Calculate 32 - 20 - (7 + -2).
7
5 - 0 - (-63 + 71)
-3
Evaluate 0 - (8 - 1 - 3 - 0).
-4
Calculate 5 + (3 - 5) + 1.
4
Evaluate (-2 - 2) + (-8 + 5 - -11).
4
What is the value of 0 - ((2 - -3) + 0)?
-5
Evaluate 16 + -7 + -7 - 9.
-7
What is 5 - ((-2 - -8) + (-13 - -19))?
-7
Calculate 7 + -7 + (-1 - (2 - 1)).
-2
Evaluate -1 - (4 - (-2 + 2 + 2)).
-3
Calculate 4 - (6 + (3 - 7)).
2
What is the value of 3 + (-2 - (-2 + 1 + 0))?
2
Calculate 7 + 0 + 141 + -152.
-4
What is -9 + 0 + 3 - (3 + -3)?
-6
What is -70 + 62 + (1 - -1) + 1?
-5
Calculate (-1 - 3) + 5 + 0 + -4.
-3
Evaluate 37 + -47 + -2 + 8 - -8.
4
Evaluate -2 - (2 + -5 - 0) - -3.
4
Evaluate -1 + 11 + (-13 - -8).
5
Evaluate 7 + -1 + -2 - 2.
2
Evaluate -11 - (-6 + -6 + 5).
-4
Calculate -4 + (-3 + 4 - -6).
3
1 + (-7 + 1 - (1 + -3))
-3
What is the value of (1 - 6) + (-8 - -11) - -2?
0
What is 9 - 3 - (1 - -1 - 2)?
6
What is -6 + 5 + -6 + 8?
1
What is the value of -3 - (2 - -2 - (3 - 0))?
-4
Calculate -6 + 3 - (2 + -15 - -3).
7
What is the value of 3 + (-7 - (-1 - -2))?
-5
Evaluate (5 - -1) + 7 + -9.
4
-6 + (-12 + 5 + 4 - -6)
-3
What is the value of (-1 - 6 - -19) + -3?
9
(-2 - 10) + 10 - (-10 + 2)
6
Evaluate 4 + -7 - (4 - (-3 - -4)).
-6
Evaluate -2 + 5 + -7 - (0 - 4).
0
What is the value of 4 - (-7 - (-7 - -1))?
5
What is 1 + 1 + -1 + (62 - 62)?
1
Calculate 1 - (5 - 4) - (-3 - -3).
0
What is -3 + -2 - (4 + -11)?
2
Calculate -3 + (7 - (11 + -5 + -5)).
3
Calculate -1 + -9 + 4 - -7.
1
Evaluate 10 + -3 + (-8 - -4).
3
3 + 5 + -1 + -11
-4
What is the value of 1 + -8 + -4 + 5 + 1?
-5
Evaluate -33 + 34 - ((-2 - -2) + -7).
8
Calculate 3 - 2 - 0 - 2.
-1
Calculate -3 - (7 - (6 + 1)).
-3
What is -5 + -5 + (7 - 1 - 2)?
-6
What is (1 - 10) + (4 - -1) - 1?
-5
Evaluate (-10 - -2) + (-4 - -7).
-5
What is (-1 - (-3 - -4)) + 2?
0
What is the value of 4 - ((0 - (5 + 0)) + 11)?
-2
Calculate 1 - (12 + -17) - 12.
-6
What is 1 - (9 + -3 - (9 - 1))?
3
What is the value of (8 - 4) + -4 + 1?
1
What is -8 + -5 + (19 - -1)?
7
What is the value of (-7 - -7) + 13 - 13?
0
-3 - 0 - (3 - 1) - -1
-4
What is the value of -6 + (3 - 5) - (-3 - 0)?
-5
Evaluate 5 - 4 - -3 - (6 + -2).
0
-1 - (4 + 1 - (-1 + 4))
-3
What is (3 + -7 - -5) + 1?
2
What is 1 + 1 + -12 + 14 - -2?
6
What is the value of 2 - (-3 + (9 - (1 + 4)))?
1
What is the value 